{"id":95835,"date":"2021-08-27T00:28:57","date_gmt":"2021-08-26T22:28:57","guid":{"rendered":"https:\/\/artigianodelsoftware.it\/blog\/?page_id=95835"},"modified":"2021-08-27T11:24:22","modified_gmt":"2021-08-27T09:24:22","slug":"policy-note-legali","status":"publish","type":"page","link":"https:\/\/artigianodelsoftware.it\/blog\/policy-note-legali\/","title":{"rendered":"Policy &#038; Note Legali"},"content":{"rendered":"<div class=\"pdfprnt-buttons pdfprnt-buttons-page pdfprnt-top-right\"><a href=\"javascript: imageToPdf()\" class=\"pdfprnt-button pdfprnt-button-pdf\" target=\"_self\"><img src=\"https:\/\/artigianodelsoftware.it\/blog\/wp-content\/plugins\/pdf-print\/images\/pdf.png\" alt=\"image_pdf\" title=\"Visualizza PDF\" \/><\/a><a href=\"https:\/\/artigianodelsoftware.it\/blog\/wp-json\/wp\/v2\/pages\/95835?print=print\" class=\"pdfprnt-button pdfprnt-button-print\" target=\"_blank\"><\/a><\/div>\n<div class=\"wp-block-image\"><figure class=\"aligncenter is-resized\"><img decoding=\"async\" loading=\"lazy\" src=\"http:\/\/artigianodelsoftware.it\/sito\/wp-content\/uploads\/2021\/01\/policies-1024x469.jpg\" alt=\"\" width=\"1237\" height=\"568\"\/><\/figure><\/div>\n\n\n\n<h2 class=\"wp-block-heading\">Chi siamo<\/h2>\n\n\n\n<p>L&#8217;indirizzo del nostro sito web \u00e8: https:\/\/artigianodelsoftware.it\/blog. Per maggiori informazioni su Fabio Genovese e su Artigiano Del Software vi rimando alla <a rel=\"noreferrer noopener\" href=\"http:\/\/artigianodelsoftware.it\/sito\/mi-presento\/\" data-type=\"page\" data-id=\"68\" target=\"_blank\">seguente pagina del sito<\/a> <\/p>\n\n\n\n<h2 class=\"wp-block-heading\">Quali dati personali raccogliamo e perch\u00e9 li raccogliamo<\/h2>\n\n\n\n<h3 class=\"wp-block-heading\">Loghi di software ed aziende e Media<\/h3>\n\n\n\n<p>Le informazioni presenti sul sito riguardanti prodotti software sono state raccolte nel corso della esperienza lavorativa di Fabio Genovese e sono informazioni Pubbliche e reperibili da Internet. Si tratta di software legati alla esperienza lavorativa di Fabio Genovese e\/o collaborazioni che sono state operate nel corso della vita lavorativa. La regola in uso \u00e8 la seguente: Viene sempre citata l&#8217;azienda proprietaria del prodotto e viene sempre esplicitato che il prodotto \u00e8 di propriet\u00e0 dell&#8217;azienda, al fine di non creare dubbi di nessun genere.<\/p>\n\n\n\n<h3 class=\"wp-block-heading\">Contatto<\/h3>\n\n\n\n<p>Tutti i contatti con questo sito devono avvenire attraverso questa email: <a href=\"mailto:fabio.genovese@artigianodelsoftware.it\" target=\"_blank\" rel=\"noreferrer noopener\">fabio.genovese@artigianodelsoftware.it <\/a><\/p>\n\n\n\n<h3 class=\"wp-block-heading\">Cookie<\/h3>\n\n\n\n<p>Il sito \u00e8 stato realizzato con <a rel=\"noreferrer noopener\" href=\"https:\/\/wordpress.org\/\" target=\"_blank\">WordPress<\/a> e di conseguenza utilizza cookie. <\/p>\n\n\n\n<h3 class=\"wp-block-heading\">Contenuto incorporato da altri siti web<\/h3>\n\n\n\n<p>Le pagine su questo sito possono includere contenuti incorporati (ad esempio video, immagini, articoli, ecc.). I contenuti incorporati da altri siti web si comportano esattamente allo stesso modo come se il visitatore avesse visitato l&#8217;altro sito web. Nel caso di link presenti che puntano ad altri siti, la regola imposta \u00e8 che siano visualizzati su altre finestre \/ schede del browser.<\/p>\n\n\n\n<p>Questi siti web possono raccogliere dati su di te, usare cookie, integrare ulteriori tracciamenti di terze parti e monitorare l&#8217;interazione con essi, incluso il tracciamento della tua interazione con il contenuto incorporato se hai un account e sei connesso a quei siti web.<\/p>\n\n\n\n<h3 class=\"wp-block-heading\">Analytics<\/h3>\n\n\n\n<p>Sul sito \u00e8 attivo Google Analytics.<\/p>\n\n\n\n<h2 class=\"wp-block-heading\">Ci tengo a sottolineare quanto segue<\/h2>\n\n\n\n<p>Il proprietario di questo sito \u00e8 un essere umano e di conseguenza pu\u00f2 commettere degli errori, come tutti gli esseri umani. Ma come tutti gli esseri umani, riconosce anche la capacit\u00e0 di poter rimediare agli errori. Nella eventualit\u00e0 che siano riscontrati errori, citazioni sbagliate, baggianate, errori di battitura, errori di traduzione, spiegazioni incomplete etc, chiedo di contattarmi al seguente indirizzo email: <a rel=\"noreferrer noopener\" href=\"mailto:%20fabio.genovese@artigianodelsoftware.it\" target=\"_blank\">fabio.genovese@artigianodelsoftware.it<\/a>; specificando chiaramente che cosa avete riscontrato. Si assicura che tutte le segnalazioni ricevute sono sempre esaminate e, tempi tecnici, evase.<\/p>\n\n\n\n<p>Il proprietario di questo sito non ha alcun problema a correggere gli errori, anzi, ringrazio fin da adesso chiunque mi aiuter\u00e0 a migliorare i contenuti del sito. <\/p>\n\n\n\n<h3 class=\"wp-block-heading\"><strong>Tuttavia, per essere chiari fin da subito, tutte le segnalazioni che risulteranno delle intimidazioni, minacce, insulti o segnalazioni  false, non saranno prese in considerazione. <\/strong><\/h3>\n<div class=\"clearfix\"><span class='ldc-ul_cont' onclick=\"alter_ul_post_values(this,'95835','like')\" >Likes<img src=\"https:\/\/artigianodelsoftware.it\/blog\/wp-content\/plugins\/like-dislike-counter-for-posts-pages-and-comments\/images\/up.png\" \/>(<span>0<\/span>)<\/span><span class='ldc-ul_cont' onclick=\"alter_ul_post_values(this,'95835','dislike')\" >Dislikes<img src=\"https:\/\/artigianodelsoftware.it\/blog\/wp-content\/plugins\/like-dislike-counter-for-posts-pages-and-comments\/images\/down.png\" \/>(<span>0<\/span>)<\/span><\/div>","protected":false},"excerpt":{"rendered":"<p>Chi siamo L&#8217;indirizzo del nostro sito web \u00e8: https:\/\/artigianodelsoftware.it\/blog. Per maggiori informazioni su Fabio Genovese e su Artigiano Del Software vi rimando alla seguente pagina del sito Quali dati personali raccogliamo e perch\u00e9 li raccogliamo Loghi di software ed aziende<\/p>\n","protected":false},"author":1,"featured_media":0,"parent":0,"menu_order":0,"comment_status":"closed","ping_status":"closed","template":"","meta":{"_editorskit_title_hidden":false,"_editorskit_reading_time":0,"_editorskit_is_block_options_detached":false,"_editorskit_block_options_position":"{}","footnotes":""},"_links":{"self":[{"href":"https:\/\/artigianodelsoftware.it\/blog\/wp-json\/wp\/v2\/pages\/95835"}],"collection":[{"href":"https:\/\/artigianodelsoftware.it\/blog\/wp-json\/wp\/v2\/pages"}],"about":[{"href":"https:\/\/artigianodelsoftware.it\/blog\/wp-json\/wp\/v2\/types\/page"}],"author":[{"embeddable":true,"href":"https:\/\/artigianodelsoftware.it\/blog\/wp-json\/wp\/v2\/users\/1"}],"replies":[{"embeddable":true,"href":"https:\/\/artigianodelsoftware.it\/blog\/wp-json\/wp\/v2\/comments?post=95835"}],"version-history":[{"count":2,"href":"https:\/\/artigianodelsoftware.it\/blog\/wp-json\/wp\/v2\/pages\/95835\/revisions"}],"predecessor-version":[{"id":95845,"href":"https:\/\/artigianodelsoftware.it\/blog\/wp-json\/wp\/v2\/pages\/95835\/revisions\/95845"}],"wp:attachment":[{"href":"https:\/\/artigianodelsoftware.it\/blog\/wp-json\/wp\/v2\/media?parent=95835"}],"curies":[{"name":"wp","href":"https:\/\/api.w.org\/{rel}","templated":true}]}}